(-2).
12
Suppose -4 - 1 = 5*t, z = 4*t + 9. Suppose -28 = -z*u - 4*r, 11 = -2*r + 5. Let l(c) be the third derivative of -c**4/24 + c**3 + c**2. Determine l(u).
-2
Let c(u) = -u**2 - 2*u + 9. Let k = 1559 + -1556. What is c(k)?
-6
Let a = 164 + -158. Let p be (15 - 21)*a/4. Let x(u) = 2*u + 11. What is x(p)?
-7
Suppose 0 = 410*u - 448*u + 76. Let q(h) = -3*h**3 + h**2 - 3*h + 1. Calculate q(u).
-25
Suppose -a = 1 - 3. Let c(x) = -x**3 + x**2 + x**2 + 2*x**3 - 5*x**a + x. Let b be c(3). Let s(r) = -4*r + 3. Give s(b).
-9
Suppose -2*i - 16 = 14. Let z = -13 - i. Let r(q) be the third derivative of q**4/6 - q**3/3 + q**2. Determine r(z).
6
Let o(k) = -k**3 - 7*k**2 - 3*k - 2. Let y(x) = -5 - 2*x**2 - 4*x**3 - 6*x**2 - x**2 - 13*x**2 - 8*x. Let n(g) = 7*o(g) - 2*y(g). Determine n(6).
2
Let b(r) = -3*r + 13. Suppose -7*u - 39*u = 0. Give b(u).
13
Let g(p) be the third derivative of -p**4/6 + p**3/6 - 58*p**2 - 2*p. Calculate g(2).
-7
Let l(k) = -k**3 - 7*k**2 - 5*k + 2. Let c(x) = -x**2 - 17*x - 76. Let b be c(-9). Determine l(b).
-26
Let j(v) = v**2 - 6*v - 30. Let o be j(9). Let n be (((-42)/(-1))/(-7))/(o/2). Let m(h) = h + 3. What is m(n)?
7
Let q(r) be the third derivative of 0*r + 19*r**2 - 1/8*r**4 + 0 - r**3. Give q(-4).
6
Let q(l) be the second derivative of -5/6*l**3 - 5/12*l**4 + 1/20*l**5 + 13*l + 0 - l**2. What is q(6)?
4
Suppose 5*s = c - 86, c = -c - 8. Let u(v) = -2*v**2 - 35*v + 22. Calculate u(s).
4
Let a(m) = -8*m - 6. Let g(l) = -8*l - 7. Let r(o) = -4*a(o) + 3*g(o). Suppose 3 + 12 = 3*b + 3*s, -b = 3*s - 9. What is r(b)?
27
Suppose 6 = -z + 4*s, 12 = 4*s - 0. Let p(t) = -t + 5. What is p(z)?
-1
Let i(r) = -2 + 75*r - 65*r + 0*r**2 + 4 + r**3 - 11*r**2. What is i(10)?
2
Let u(b) = b**3 - 9*b**2 - 10*b - 3. Let a be (16/4)/((-26)/(-65)). Give u(a).
-3
Let a(g) = -3*g**2 - 96*g - 4. Let l be a(-32). Let r(o) = o - 2 + 0 + 6. What is r(l)?
0
Let b(l) = -2*l + 2 - l + 7*l + l**2. Suppose -a + 4*a = 3*j + 15, -3*a - 5*j + 15 = 0. Suppose -6 = -2*v + a*v + 3*z, -5*v - 3*z - 12 = 0. What is b(v)?
-1
Let x(y) = y**3 + 5*y + 2. Suppose -u = 5*i + 14, 4*i - 4*u = -i - 19. Give x(i).
-40
Let c = 29 - 19. Let o = c + -16. Let f(h) = 5*h**2 + 279*h**3 - 833*h**3 - 5*h + 5 + 274*h**3 + 281*h**3. What is f(o)?
-1
Let w(v) = -v. Let c be ((-42)/49)/(2/(-7)). Let k(f) = -f**2 - 8*f. Let h(u) = c*w(u) - k(u). Give h(-4).
-4
Let v(i) be the first derivative of 2*i**3/3 + 5*i**2/2 - 3. Let j(b) = -b**2 - 5*b + 1. Let m(k) = -4*j(k) - 3*v(k). Give m(3).
-7
Suppose -2 = 3*p - 20. Suppose 4*d + p = 10. Let z(l) = -l + 17*l**2 + 16*l**2 + 16*l**2 - 40*l**2. Determine z(d).
8
Let u(t) = t**2 + t + 1. Let m(w) = 6*w**2 + 12*w + 2. Let c(b) = -m(b) + 5*u(b). Let f be (-376)/56 - (-6)/(-21). Determine c(f).
3
Let x(t) = -4*t + 1. Let i(h) = 358*h - 11 + 2 - 360*h. Let k be i(-6). Determine x(k).
-11
Let x(k) be the third derivative of k**5/30 + k**4/12 + k**3/6 + 2*k**2 - 3*k. What is x(-2)?
5
Let b(q) = -5 - 5 + 1 - 2*q. Let w(h) = -h**3 - 5*h**2 - 10*h - 14. Let x be w(-2). Calculate b(x).
3
Let h(a) = -7*a + 69181*a**2 + 6 - 1 - 69180*a**2. Let n be 158/14 - 2/7. Let s = -5 + n. Give h(s).
-1
Let a = -1114 + 1106. Let m(g) = -g**2 - 9*g - 13. Give m(a).
-5
Let h = -7 - -9. Let f = h - -3. Let l(j) = -4 - 2*j**2 + 0 + f*j + 6. What is l(4)?
-10
Let b(o) = o**2 + 4*o - 3. Let y(w) = 2*w - 8. Let i be y(6). Suppose -x = -5*x + z + 71, 5*x - 73 = -i*z. Suppose 5*l + 8 = -x. Determine b(l).
2
Let p(z) = -4*z - 23. Suppose -5*r + 7*r + 14 = 0. Let w be p(r). Let d(o) = -o**2 + 6*o + 1. What is d(w)?
6
Let c(z) = -z. Let s = 46 - 42. Suppose 7*h = -s - 10. Calculate c(h).
2
Let l(y) be the second derivative of -y**5/20 + 2*y**4/3 - 3*y**3/2 + 5*y**2/2 + 2716*y. Suppose 4*f = f + 21. What is l(f)?
-9
Let u(f) be the second derivative of 37*f - f**2 + 0 - 1/3*f**3. Calculate u(-4).
6
Let h(c) be the first derivative of -c**7/840 - c**6/60 - c**4/12 - c**3 + 11. Let k(o) be the third derivative of h(o). Determine k(-6).
-2
Suppose 3*l - 9*t = -13*t - 14, 0 = -3*l + 3*t. Let p(b) = -2*b + 1. What is p(l)?
5
Let a be (-286)/(-104) - (3/4 - 1). Let i(k) be the third derivative of 5*k**2 - 5/6*k**a + 0*k + 0 - 1/24*k**4. What is i(-5)?
0
Let n(m) = 6*m**2 + 8. Let g(k) = -7*k**2 - k - 9. Let w(c) = 5*g(c) + 6*n(c). Suppose 8*r = 20*r - 72. Give w(r).
9
Let i(s) = -27*s - 11 - 14 - 10 + 0. Let b(o) = -5*o - 7. Let y(c) = 11*b(c) - 2*i(c). Determine y(7).
-14
Suppose 0*u + 2*u - 2 = 0. Let f(c) = -1 - 10*c + 2*c + 4*c - u. What is f(-2)?
6
Let d(m) = -8*m**2 - 12*m + 68. Let o(t) = -7*t**2 - 12*t + 58. Let b(j) = 6*d(j) - 7*o(j). What is b(-9)?
-25
Suppose -29*t + 18*t = -22. Let q(w) = 1 + 0 + 3*w**2 - 2. Determine q(t).
11
Let m(o) = -o**2 - 11*o + 2. Suppose -17*z + 18*z = -2*w - 21, -z - 1 = 0. Calculate m(w).
12
Let h = 3 + -3. Let k be 2 - (h - -2) - 2. Let g be 2*1/k*1. Let o(u) = 3*u. Calculate o(g).
-3
Let y = 12 - 12. Let h(s) = 3*s + 4. Let d be h(y). Let x(f) = -f**2 + 5*f. Calculate x(d).
4
Suppose 2*t + 18 = -0*t. Let s = 13 + t. Let x(j) = -j. What is x(s)?
-4
Let k(w) = -7*w**3 + w**2 - 1. Let t(b) = 5*b**3 - 121*b**2 + 23*b + 25. Let l be t(24). What is k(l)?
-7
Let t(h) = -2*h + 1. Let o(w) = -32*w - 1. Let z be o(-1). Let d = -32 + z. Let r(g) = 3*g**3 - 1. Let f be r(d). What is t(f)?
9
Let q(x) = x + 3. Let k be (-2 + 0)/16 + (-799)/136. Give q(k).
-3
Suppose -2*n = 3*t - 22, 3*t - 5*n - 14 + 6 = 0. Let r = 1 + -13. Let v = r + t. Let i(o) = o + 4. What is i(v)?
-2
Suppose -v - 7 = t + 3*v, 2*t + v + 7 = 0. Let s(o) = -o**3 - 3*o**2 + o - 6. Calculate s(t).
-9
Let o be -16 - (-6)/(-9)*3. Let g = o + 22. Let f(n) = -6 + 5 + n**2 - g - 3 - 5*n. Give f(6).
-2
Let a = 98 + -73. Let v(x) = -6*x**2 + a + x**3 + 3*x - 9 - 13. Let j = -8 - -12. Give v(j).
-17
Let a(x) be the first derivative of 9*x**2 - x + 111. Calculate a(-1).
-19
Let r be 11/(-55) - 4/5. Let y be r/(-3)*(12 - 0). Suppose 4*l - 4 = y. Let v(d) = d**3 + d**2 - 4*d + 3. Calculate v(l).
7
Suppose 5*o = -5*f + 15, -2*f + o + 3 = -0*o. Suppose 0 = -f*c - 3*c + 315. Let g(r) = -c*r + 33*r + 34*r. Give g(-1).
-4
Let q be (-16)/24*18/(-4). Suppose -5*v + q = -4*v. Suppose 2*p - v*p + 3 = 0. Let d(f) = -f**3 + 4*f**2 - 4*f - 1. Calculate d(p).
-4
Let d(v) be the first derivative of 2*v**2 + 19*v - 420. Give d(-9).
-17
Let w = 81 - 73. Suppose 14 + 2 = w*m. Let l(a) = -2*a + 1. Calculate l(m).
-3
Let y be (3 + 0)/(0 + 6/10). Suppose 2*c - 31 = -y*l, -5*l = 6*c - c - 40. Let h(m) = -m**3 + m**2 + m - 3. What is h(c)?
-18
Let q(r) be the second derivative of -1/2*r**2 + 5/6*r**3 + 29*r + 0. Calculate q(-1).
-6
Let g(w) be the third derivative of -1/10*w**5 + 0*w - 11*w**2 + 0*w**4 - 1/6*w**3 + 0. Calculate g(-1).
-7
Let o be ((-18)/(-21))/(7/(-49)). Let t(z) = z + 7. What is t(o)?
1
Suppose 0 = -4*l, -5*g - 5*l = 7 - 22. Let m(t) = -3*t**3 + 2*t + 3*t**g + 0*t - t**3. What is m(2)?
-4
Let f(r) be the second derivative of -r**5/20 - r**4/4 - 2*r**2 - 12*r - 4. Determine f(-3).
-4
Let h = 93 - 91. Suppose b - 4*y - 1 = 0, y = 7*b - h*b - 5. Let u(m) = 21*m**3 - 2*m + 1. What is u(b)?
20
Let z(x) = x**3 + 10*x**2 + 10*x + 9. Let b(t) = t**2 - 5*t - 9. Let c be b(5). Determine z(c).
0
Let m(a) = 6*a + 8*a - 4*a**2 - 9*a - 3. What is m(3)?
-24
Let p(s) = s + 1. Let c be (6 - 2)*15/(-4). Let j = c + 18. Suppose j*w + w + 16 = 0. What is p(w)?
-3
Let f(q) = -11*q**2 - 1. Let h be f(1). Let v = -10 - h. Let r(a) = -34*a + 37*a - 8 - 6*a**2 + 2*a**2 + a**3 + 7. Give r(v).
-3
Let q(k) = k**3. Let r(l) = l**3 + 2*l**2 - 2*l - 2. Let v be 1/((0 - -1)*-1). Let g(f) = v*r(f) - q(f). What is g(-2)?
6
Let c(b) = 0 - 1 - 1 + b**2 + 5*b - 4*b. Suppose 3*q - 215 = -2*q. Suppose -33 = -5*l - q. What is c(l)?
0
Let n(c) be the first derivative of c**3/3 + c**2/2 + 11*c + 6. Let l(m) be the first derivative of n(m). Let r = -27 + 30. What is l(r)?
7
Let o(u) = -u**3 - 8*u**2 + 6*u + 94. Let y be o(-5). Let i(z) = z**3 + 12*z**2 + 11*z - 8. Calculate i(y).
-8
Let p be (9/6 + -2)*(-4 - -2). Let q(s) = -2 + 0*s - 5*s + 3*s - p. Give q(-3).
3
Let y be (-14)/(-21) - (55/15 - 4). Let c(g) = g. Let a(b) = 5*b**2 - 2*b - 1. Let r(q) = -a(q) - 4*c(q). Determine r(y).
-6
Let p(t) = -t**3 + 2*t**2 + t + 1. Suppose 29*c + 15 = 